0
Calculate 8 - (-5 - -7) - -2.
8
What is 1 + 0 - (4 + -3 + 2)?
-2
Calculate -1 + (13 - 13) - -3.
2
Evaluate (21 - -2 - 10) + -8.
5
What is (2 - (13 - 4)) + 5 + -2?
-4
2 - (-1 + 0 + 4)
-1
Calculate -11 - (-4 + -1 + -5 - -5).
-6
Calculate 4 - 7 - 0 - -1.
-2
Calculate -1 - (5 + -9) - (-1 + 3).
1
(-2 - -2) + -13 - -14
1
6 + (6 - (-7 + 5 + 14))
0
Calculate (-3 + 8 + -5 - -2) + 0.
2
What is -1 - (-1 - (1 - (2 - 2)))?
1
What is the value of -6 - (5 + (-11 - -4))?
-4
What is the value of -6 + 3 - (1 - (10 - 2))?
4
Evaluate (-6 - (-3 + (-3 - -5))) + 3.
-2
What is the value of -62 + 74 + 0 + -9?
3
Calculate 4 + 0 - (4 - -4) - -5.
1
What is 8 + (-4 - 3) - (-4 - 0)?
5
What is (1 - (-7 + 6)) + -6?
-4
What is (-7 - -12) + -2 - (0 - 3)?
6
4 + (1 - (6 + 0))
-1
What is -3 + (1 - 2) + -1 + 3?
-2
Evaluate (1 - -2) + 9 + -15 - -3.
0
10 - (8 + (11 - 12))
3
What is the value of (1 - 1) + (-64 - -60)?
-4
Calculate 0 + 5 - ((23 - 0) + -13).
-5
1 - (-1 + (0 - 0))
2
What is the value of (-1 - 0) + -13 + 9?
-5
5 + 5 + 2 + (-4 - 0)
8
What is the value of 5 + 0 - (-2 - (-4 + -8))?
-5
(0 - 6) + (3 + -4 - -6)
-1
(5 - 1) + (27 - 32)
-1
-1 - (-6 + 6 - (-3 + 0))
-4
Evaluate -1 + -3 + (3 - (4 + -10)).
5
What is the value of (-12 + 13 - (1 - -5)) + 0?
-5
Calculate -2 + 6 + (7 - 6).
5
What is 3 + 2 + -4 + -2 - 2?
-3
What is the value of (-2 - (-7 - -6)) + 3?
2
What is 1 - 3 - (-3 + (3 - -1))?
-3
Evaluate 3 + -8 + 7 + (0 - 3).
-1
Evaluate -5 + (-3 - (-3 + -2 + 3)).
-6
Calculate -3 - (-5 + -3 + 0).
5
-5 + -5 + 10 + 3 - 6
-3
What is (-6 - -4) + 5 + -5 + 2?
0
Calculate -12 + 17 - (0 + 0 - -8).
-3
What is (10 + -10 - 4) + 11?
7
What is the value of -12 - -8 - (1 + -1 - 3)?
-1
(-33 - -30) + (1 - 2)
-4
0 + (13 - 7) + -3
3
Calculate 183 - 177 - (-6 + (-2 - -4)).
10
Calculate 7 + 1 - 3 - 2.
3
What is the value of -5 + (-2 + 0 + 4 - 0)?
-3
Calculate 7 - (5 - (-5 + 6)).
3
Calculate (-12 - -9) + (1 - -4).
2
Calculate 1 + (-6 - -3 - (0 + -1)).
-1
(-1 - -3) + -2 - 1
-1
What is 7 - (12 + 4 - -7 - 7)?
-9
Calculate 1 + -8 + 1 + 9 + -5.
-2
What is the value of -4 + 1 + 6 + 0?
3
What is (-16 - -18) + -6 - (2 - 1)?
-5
Calculate -1 + (5 - 4 - 2).
-2
What is (2 - 1) + 93 + -96?
-2
What is the value of (4 + -3 - -1) + 3?
5
6 - 8 - (-6 + 3)
1
Evaluate 5 - (6 - 0) - -2.
1
Calculate (-4 - -20) + -9 + 2 + -6.
3
12 - (10 - (7 - 14))
-5
Calculate (-7 - -13) + -6 - (-1 + 4).
-3
Calculate (-5 - -3) + 3 + (4 - 7).
-2
Evaluate 0 + 1 - (4 - 15 - -7).
5
Calculate 4 + 4 + -2 + -2.
4
What is 4 + (-3 - (3 + -3)) + -3?
-2
What is the value of -1 + -6 + 3 + 6 + 3?
5
Evaluate -5 + 2 + 12 + -9.
0
3 + 5 + -6 + -1
1
-1 + 3 - (-8 - (0 + -5))
5
What is the value of 10 - ((-9 - -9) + 14)?
-4
Evaluate 3 - (-3 - 0 - (-13 - -6)).
-1
Calculate 0 + (4 - 3) - 8 - -14.
7
What is -8 + (6 - 4) - -4?
-2
What is -2 - -7 - (43 + -47)?
9
(-4 - -2) + 7 + -8 + 2
-1
What is (1 - -4) + (-2 - 1) + -6?
-4
What is 5 - (0 + -2 - -6)?
1
Evaluate 1 + 1 + (2 + -2 - -2).
4
What is the value of -5 + 8 + 2 + -9?
-4
What is -4 - (-4 - (2 + 1 + 0))?
3
What is -1 - (-12 + 7 - (-2 - 1))?
1
-14 + 16 + (7 - 3) - -5
11
Calculate -8 + (15 - (-6 + 13)) - 4.
-4
Calculate 11 - 12 - (6 - 2).
-5
What is -1 + (0 - (2 - -1))?
-4
What is the value of 0 - (-4 + -2 + 3 + 5)?
-2
Calculate 5 - (4 - (4 - 10)).
-5
What is the value of 6 - (-6 + 6 + 11)?
-5
Calculate 6 + 3 + (6 - 8).
7
What is -1 + (-3 - -7 - 2)?
1
Evaluate (8 - (5 - -2)) + -8.
-7
Evaluate (3 - -2) + 6 + -10.
1
Calculate 2 + 3 + -9 + -7 + 4.
-7
What is the value of 3 - (4 - -1 - 4)?
2
What is (3 - 13 - -3) + (1 - -1)?
-5
What is 0 + 3 + (-1 - -1) + -2?
1
What is the value of 3 + 1 + 0 + -4 - 2?
-2
What is the value of -6 - (-4 + 0 + 1)?
-3
Calculate (-2 - 0) + -8 + (16 - 2).
4
7 + -10 + 12 + -2
7
What is the value of 1 + -9 - (8 - -1 - 19)?
2
Calculate -9 + (-2 - (-2 - 3)) + 0.
-6
2 + -2 + 9 + -12
-3
What is 2 + -7 + 5 + 2 + 3?
5
Evaluate -5 - 4 - -5 - (-4 + 0).
0
What is the value of -4 + (-8 - 0 - -6)?
-6
What is -2 - (-4 + (-1 - -7))?
-4
Calculate -17 + 6 + 6 + 1.
-4
What is the value of 1 + 3 - (-5 - -8)?
1
Calculate 9 - (7 - 2 - -1).
3
What is the value of (-1 - (-3 - -7)) + 0?
-5
Evaluate (4 - 1) + 5 + -6 + 0.
2
1 + (2 - 2) - 1
0
What is -5 + 1 - (-3 + 1)?
-2
-5 + (-14 - -15) - -12
8
What is 5 + 1 - (6 + (-7 - -2))?
5
Evaluate -6 + (-6 - (-7 - -3)).
-8
-26 + 22 - (-1 + -7)
4
What is the value of -19 + -14 + 12 + 14?
-7
Evaluate 9 - 11 - (3 + -1 - 6).
2
Calculate 2 + -5 + 2 + -3 - 1.
-5
What is the value of -1 - 3 - -1 - (1 + -4)?
0
What is 1 + 8 - ((-28 - -12) + 21)?
4
What is -1 + (-13 + 1 - -23)?
10
22 - 9 - (4 + (8 - 7))
8
Calculate -20 - -4 - (40 + -45).
-11
What is (-4 - (-1 + 2)) + 31 + -26?
0
-4 - -7 - (3 + -2)
2
What is the value of 139 + -136 + 2 + 1?
6
Evaluate 2 - (-7 - (2 + -10)).
1
Calculate -1 + 5 - (7 + -2 + 4).
-5
What is the value of 24 + -26 - -14 - (-1 + 6)?
7
What is 3 - (-8 - -4) - 2?
5
Calculate -58 + 55 + (0 - -3).
0
What is 3 - 1 - (-2 - -10)?
-6
Calculate (-4 - -8) + -5 + 6.
5
Calculate -2 + 0 + (-3 + 4 - 3).
-4
-5 + (3 - -2 - (6 - 1))
-5
What is the value of 4 - (-7 - 1 - (-34 + 28))?
6
What is (-10 - -14) + (-4 - (-2 - -5))?
-3
Calculate 1 - (5 + -2 - (0 - -1)).
-1
Evaluate 1 - (5 + -7 + 5).
-2
Calculate 1 - (-3 + (1 - 4 - -5)).
2
What is -7 - (-16 - (-12 + 4))?
1
What is 3 + -2 + -1 + -1?
-1
Calculate (1 - (0 - (-1 - -1))) + -5.
-4
Calculate 2 + (2 + -1 - 6).
-3
Evaluate (-1 - 0) + 3 - 6.
-4
What is (-7 + 2 - -7) + -12 - -2?
-8
Calculate (-9 - -5) + 12 - (-5 + 7).
6
What is the value of -6 - (-2 - (9 + -8))?
-3
-6 + -1 + 0 - (1 + -4)
-4
Evaluate 1 + (-7 - (6 - 7)).
-5
5 + -4 + 6 + (-3 - -1)
5
Evaluate -9 + (-16 - -8) + 21 + -2.
2
What is (6 - -4) + -14 + 9?
5
Calculate -2 - (-3 + 6) - (9 - 8).
-6
What is 0 + -1 - (-3 - 0)?
2
Calculate -8 + 7 + -1 + 2.
0
Calculate -5 + (0 - 3) - -6.
-2
Calculate 2 - 1 - (-6 - -11).
-4
Calculate -4 + -2 - (-10 + 5 - -2).
-3
Evaluate (-1 - 6) + 1 + 1.
-5
What is (-3 - -5) + -8 + 6?
0
What is -1 - (5 + -2 - -1)?
-5
Evaluate 197 + -195 + (-2 - (-1 + 1)).
0
12 + -14 + 8 + -1
5
10 + -5 + 7 + -6
6
Evaluate 0 + (-7 - (7 - 9)).
-5
-5 + (-12 - (3 + -11))
-9
What is the value of -126 + 126 + (1 - (0 - -1))?
0
(8 - 3) + 8 + -10
3
What is -8 + (2 - -12) - (1 - 0)?
5
Evaluate 12 - 4 - (61 - 46).
-7
4 - 0 - 3 - -2
3
What is the value of (-6 + (17 - 3) - 6) + 5?
7
What is the value of -1 - (-2 - (6 + (-12 - -6)))?
1
What is 1 - (6 - (4 + 4))?
3
What is (2 - (-1 + 0)) + -6?
-3
Evaluate -1 + -2 + (-4 - -9) - 0.
2
What is (-11 - (1 + -14)) + 2?
4
Calculate -3 + -3 + -4 + 9.
-1
Evaluate -12 + 14 + 1 + 0.
3
Evaluate (3 + -6 - 6) + (-5 - -6).
-8
What is (-7 - -10) + 3 + -3?
3
Calculate (-2 - ((2 - -1) + -1)) + 3.
-1
Calculate -3 + (6 - 2) + 2 + 2.
5
9 + -9 + -2 + 0
-2
What is -4 + -1 - -7 - 6?
-4
-7 - (-2 + (-2 - 4) + 4)
-3
What is the value of -1 + 5 - (2 - (-6 - -5))?
1
12 + -7 + -7 + -3
-5
Calculate 7 + -12 + (1 - -5).
1
What is the value of 8 + -9 + 7 + -1?
5
Evaluate -2 + (4 - 6 - (1 + -1)).
-4
Calculate 0 + (3 - -11) - 7.
7
Evaluate 2 - (2 + -1 + -1) - 5.
-3
Evaluate -6 - -7 - -9 - 9.
1
Evaluate 60 - 63 - (0 + 2).
-5
Calculate 3 + 0 + -2 + 2 + 2.
5
-10 - (2 - (3 + -1 - -4))
-6
1 + -2 + (2 - (0 + 5))
-4
Calculate -7 + 0 + 4 - 1.
-4
Evaluate -16 + (7 + -6 - -7).
-8
What is the value of (-8 + 3 - 4) + 5?
-4
(5 + 3 - 6) + 0 + -4
-2
0 + (1 - (7 + -7)) + 1
2
What is the value of 6 + (-1 - (14 + (-5 - 1)))?
-3
What is the value of 1 - (0 + -2) - (14 - 6)?
-5
Calculate -5 + 4 + -4 - 3.
-8
Calculate 0 - (7 + -4 - 3 - 3).
3
Calculate -8 + 8 + (0 - (1 + -6)).
5
(7 - 0) + -33 + 29 + -4
-1
What is the value of (3 - -5 - 4) + (2 - 1)?
5
Calculate 8 + (-4 - 4 - 3).
-3
Evaluate 3 - (-1 - (1 - 4)).
1
What is the value of -5 + (3 - (4 + (0 - 1)))?
-5
6 + 11 + -21 + 8
4
What is -2 + -1 + 5 + -5?
-3
Calculate 2 - (-7 - (-4 - 0)).
5
1 - 1 - (-19 - -20)
-1
What is 18 + (-26 - -14) - -1?
7
-1 - -5 - (3 - 0)
1
-2 + (0 - -1) + -4
-5
What is the value of 4 + (8 - (2 + 1)) + 1?
10
What is the value of 3 - 1 - (13 - 10)?
-1
Evaluate -1 - (2 - (-3 - -10)).
4
Evaluate 9 + 6 + (-2 - 23).
-10
What is the value of 8 - (8 + 2) - -6 - -6?
10
Evaluate -3 - -5 - (2 - -2).
-2
What is the value of -10 + (5 - (-3 + 3))?
-5
What is -3 + (1 - -5 - (3 + -1))?
1
Evaluate (5 - 6 - -10) + -5.
4
Ev